e highest common divisor of y and w?
33
Let l = 43 + 1. Let c = 211 + -145. Calculate the greatest common factor of c and l.
22
Let w be (13815/(-30))/(9/(-6)) - -5. What is the greatest common factor of 168 and w?
24
Let f be ((-6)/9)/(4/30) - -2. Let c be -1 + (-5)/f - 1596/(-36). Let u(z) = 3*z - 9. Let o be u(8). What is the greatest common factor of o and c?
15
Let m be (-2)/4*(-6 - -6). Suppose m = 6*d - 0 - 18. Suppose 0*l + l = -4*n + 259, 200 = d*n - 5*l. Calculate the greatest common factor of n and 13.
13
Let f be (14/(-21))/(2/(-621)). Suppose 0 = 2*c - f - 145. Let j(m) = 2*m**3 - 3*m**2 - 4*m + 1. Let p be j(3). What is the highest common factor of c and p?
16
Suppose 36*k + 4568 - 18428 = 0. What is the greatest common factor of k and 88?
11
Let t be -38*(13/(-2) - (34 + -37)). Calculate the highest common factor of t and 57.
19
Let f be (-1)/12*3 + 3766/56. What is the highest common divisor of 603 and f?
67
Let n = -1010 - -1098. What is the greatest common factor of 1 and n?
1
Let k(i) = -257*i**3 - 3*i**2 - i + 1. Suppose -2*y = 2 - 0. Let b be k(y). Calculate the greatest common factor of b and 64.
64
Suppose s + 2*g - 35 = 0, 2*s - 10 = 4*g + 28. Let c = -189 + 317. Let n = c - 74. What is the greatest common factor of s and n?
27
Let y = -120 + 74. Let f = y - -52. Calculate the greatest common factor of f and 18.
6
Let w = -40 - -43. Suppose -3*u + 183 = -2*b + 4*b, 3*u = -w*b + 282. What is the highest common divisor of 9 and b?
9
Suppose 29054 = 40*q - 25226. What is the greatest common factor of q and 59?
59
Let s(q) be the third derivative of q**4/8 - 4*q**3/3 - 3*q**2. Let m be s(6). Let x be 3 + 0 - (-107)/1. What is the greatest common divisor of x and m?
10
Let y = 58 + -146. Let j(q) = -76*q + 29. Let h be j(2). Let g = y - h. What is the greatest common factor of g and 70?
35
Suppose -6*b + 375 = -b. Let n = -4 - -5. Let w be 1 + n - 560/(-20). Calculate the greatest common divisor of w and b.
15
Let d(j) = -57*j - 8. Let r be d(-4). What is the greatest common factor of r and 140?
20
Suppose 0 = -4*l - 0*l + 8. Let t = 12 + -5. Suppose t = -k + l*k. What is the greatest common divisor of k and 77?
7
Suppose 2*p = -2*v + 22, p - 59 = -2*v - 3*v. Let f be (-1 + 3)/(184/40 - 5). Let i = f + v. What is the greatest common factor of 1 and i?
1
Suppose -24*k + 29*k = 270. Calculate the highest common factor of k and 72.
18
Suppose -78*m = -66*m + 384. Let i = -10 - -20. Let k be (m/(-5))/(4/i). Calculate the greatest common factor of k and 4.
4
Let f = 43 - 31. Let x = -70 - -21. Let k be 0 - ((-754)/7 - (-14)/x). What is the greatest common divisor of f and k?
12
Let u be (-6 + 72/30)*(-15)/9. Calculate the highest common divisor of 111 and u.
3
Suppose 2*o = s - 174, 19 - 361 = 4*o + s. Let l = -63 - -209. Let k = l + o. Calculate the greatest common factor of k and 15.
15
Let c(q) = -2*q + 6. Let g be c(-9). Let k be (-2)/(-2) + (-22)/(-2). Calculate the greatest common divisor of g and k.
12
Suppose 1289 = 23*z - 160. Calculate the greatest common divisor of z and 231.
21
Suppose -g = 3*o + o - 16, g - 3*o = 44. What is the greatest common divisor of g and 496?
16
Let q = -4 + 10. Let g(u) = -10*u - 62. Let m be g(-9). Suppose 11*s = 4*s + m. What is the greatest common factor of s and q?
2
Let k be (112/(-120)*-5)/(6/207). What is the highest common divisor of 21 and k?
7
Suppose -113 = -2*p + 103. Suppose p = 7*q - 417. What is the highest common factor of 50 and q?
25
Let i be (-9 - -3)*10/(-2). Let c be i*(244/35 - (-4)/(-7)). What is the greatest common factor of 12 and c?
12
Let w(y) = -3*y - 9. Let a be w(-11). Let o be a/16*(-5)/((-30)/8). Calculate the highest common divisor of 4 and o.
2
Let s = -1526 + 1542. Let t(a) = 22*a**2 - 3*a + 1. Let c be t(3). Suppose 4*x = 2 + c. What is the greatest common factor of x and s?
16
Let k(a) = -a**3 - 42*a**2 - 154*a - 27. Let d be k(-38). What is the greatest common divisor of 1 and d?
1
Let q(v) be the second derivative of -2*v**5/5 + v**4/12 - v**3/6 - v. Suppose 33*l + 10 = 28*l. Let m be q(l). What is the greatest common divisor of m and 10?
10
Let z = 14 + -4. Let t(c) = -3*c**2 + 11*c + 6. Let o be t(4). What is the greatest common factor of o and z?
2
Let j be (8 + -2)*7/(-14) - -17. What is the highest common divisor of 2114 and j?
14
Let h be (-6)/1*513/(-54). Let m be ((-5)/(10/(-9)))/((-2)/(-76)). What is the greatest common factor of m and h?
57
Suppose o = -3*g + 592, -4*o = g - 93 - 97. What is the greatest common factor of g and 495?
99
Let b be 212 - (31 - 3)*(-17)/(-68). What is the greatest common divisor of b and 697?
41
Suppose -30 - 33 = 4*c + 3*h, 3*c - 2*h + 26 = 0. Let d = 14 + c. What is the greatest common factor of d and 9?
1
Let b be 6 + (-3 - (4 - 3)). Suppose -55 = b*r - 7*r. What is the greatest common divisor of 11 and r?
11
Let d = 77 - 53. Let s(m) = -m**2 + 15*m + 4. Let x be s(8). What is the highest common divisor of x and d?
12
Suppose -120 = u - 5*u - 4*v, 5*v = u - 54. Let o be 45/3 + 4 - 14/(-49)*-7. Calculate the greatest common divisor of u and o.
17
Let f be (-12)/9 - 6494/(-51). Calculate the greatest common factor of f and 210.
42
Let m(a) = -7*a - 12. Suppose -22*o = -27*o - 15. Let l be m(o). What is the highest common divisor of 45 and l?
9
Suppose 6 = 2*a - j, 4*a - 5*j - 6 = -0. Suppose -a*q + 290 = -150. Calculate the highest common factor of 22 and q.
22
Let g be -3 - (0 + -3 - -1). Let q be 3458/35 - g/5. What is the greatest common divisor of q and 9?
9
Suppose 7*c = 5*c - j + 77, 3*c - 5*j = 83. Let m(s) = s + 2. Let v be m(7). Calculate the highest common divisor of v and c.
9
Let r = -173 + 228. Calculate the highest common divisor of 440 and r.
55
Suppose n - 25 = 54. Let y be (-4)/(-10) - (-97)/(-5). Let u = y + n. Calculate the highest common factor of u and 12.
12
Suppose 9 = -3*x + 3, 4*q = 2*x + 808. Suppose -5*g = 4*s - q, -2*s + 37 = g + 2*s. Calculate the highest common factor of 451 and g.
41
Let f(t) = -t + 12. Let g be f(8). Suppose 0 = 4*d + 2*p - g, d + p - 3 = -0. Let r be (5 + 4)*(3 + d). What is the highest common factor of 144 and r?
18
Suppose 4*l + 186 = -2*l. Let o = 64 + l. Calculate the greatest common divisor of 11 and o.
11
Let u be 30/25*(-80)/(-6). Suppose u*f = 21*f - 95. Suppose -5*r + f = -a - 45, 2*r - 16 = -2*a. What is the greatest common divisor of r and 6?
6
Suppose 6*c + 149 = -19. Let z be c/(-2)*(-5 + 7). Let h(y) = -21*y - 21. Let g be h(-5). What is the greatest common divisor of z and g?
28
Let d = 8 + -12. Let c be (2/d)/((-3)/1188). Suppose -30 = -r - 12. Calculate the greatest common factor of r and c.
18
Let t(q) = 16*q + 166. Let y be t(14). Calculate the greatest common divisor of y and 52.
26
Suppose -7*h = -3*h + 28. Let c = h - -10. Let n(o) = -8*o**2 - 173*o - 93. Let l be n(-21). Calculate the greatest common factor of l and c.
3
Suppose 30*d = 24*d + 3198. Calculate the greatest common divisor of d and 82.
41
Let k = 4 + -8. Let r be 2/(-4)*k/2. Let m(g) = 14*g**2 - g. Let b be m(r). What is the highest common factor of b and 104?
13
Let q = -419 - -1013. Calculate the greatest common divisor of 54 and q.
54
Let k = 130 + -88. What is the highest common factor of 147 and k?
21
Suppose -a = -3*u + 4, -4*u - 3*a + 7*a = 8. Let c be -37 + u/(-1 + 0). Let g = c + 58. What is the highest common factor of 18 and g?
18
Suppose 126 - 206 = -5*m. Calculate the highest common divisor of 1552 and m.
16
Suppose 0 = 5*k - 4*n + 5, 9*k + 2*n - 16 = 7*k. Suppose 0 = -4*g - 0*g - 3*x + 93, -x = 5*g - 108. What is the greatest common divisor of k and g?
3
Let x(k) = -k**2 + 15*k + 2. Let w be x(12). Let q = w + -21. Let v = 50 + -16. Calculate the highest common divisor of v and q.
17
Suppose 5*i - 2531 = h, 4*h = -2*i + 5*h + 1010. What is the greatest common divisor of 3 and i?
3
Suppose 0 = -0*c + c. Let i(x) = -x**2 + x + 5. Let k be i(c). Calculate the greatest common factor of 45 and k.
5
Suppose -2*j - 2*g = -22, -5*g - 41 = 5*j - 8*j. Calculate the greatest common factor of j and 51.
3
Let f be 6/18*-3 + 2 + 11. Let s be (-99)/(-6) - 6/(-4). What is the greatest common factor of f and s?
6
Let i be (1 + (-3 - (-4 - -71)))*-1. Let c be -2 - ((-2 - -3) + -26